{"id":95,"date":"2023-10-23T23:54:29","date_gmt":"2023-10-23T23:54:29","guid":{"rendered":"https:\/\/nobutourismportugal.com\/?page_id=95"},"modified":"2025-01-20T20:48:11","modified_gmt":"2025-01-20T20:48:11","slug":"home","status":"publish","type":"page","link":"https:\/\/nobutourismportugal.com\/","title":{"rendered":"Home"},"content":{"rendered":"\t\t<div data-elementor-type=\"wp-page\" data-elementor-id=\"95\" class=\"elementor elementor-95\">\n\t\t\t\t\t\t\t<div class=\"elementor-element elementor-element-eaf2363 e-flex e-con-boxed e-con e-parent\" data-id=\"eaf2363\" data-element_type=\"container\" data-settings=\"{&quot;background_background&quot;:&quot;classic&quot;,&quot;content_width&quot;:&quot;boxed&quot;}\" data-core-v316-plus=\"true\">\n\t\t\t\t\t<div class=\"e-con-inner\">\n\t\t\t\t<div class=\"elementor-element elementor-element-14834dc elementor-widget elementor-widget-text-editor\" data-id=\"14834dc\" data-element_type=\"widget\" data-widget_type=\"text-editor.default\">\n\t\t\t\t<div class=\"elementor-widget-container\">\n\t\t\t<style>\/*! elementor - v3.17.0 - 25-10-2023 *\/\n.elementor-widget-text-editor.elementor-drop-cap-view-stacked .elementor-drop-cap{background-color:#69727d;color:#fff}.elementor-widget-text-editor.elementor-drop-cap-view-framed .elementor-drop-cap{color:#69727d;border:3px solid;background-color:transparent}.elementor-widget-text-editor:not(.elementor-drop-cap-view-default) .elementor-drop-cap{margin-top:8px}.elementor-widget-text-editor:not(.elementor-drop-cap-view-default) .elementor-drop-cap-letter{width:1em;height:1em}.elementor-widget-text-editor .elementor-drop-cap{float:left;text-align:center;line-height:1;font-size:50px}.elementor-widget-text-editor .elementor-drop-cap-letter{display:inline-block}<\/style>\t\t\t\t\t\t\t\t\t\t<\/div>\n\t\t\t\t<\/div>\n\t\t\t\t<div class=\"elementor-element elementor-element-f343e7b elementor-arrows-position-inside elementor-pagination-position-outside elementor-widget elementor-widget-image-carousel\" data-id=\"f343e7b\" data-element_type=\"widget\" data-settings=\"{&quot;slides_to_show&quot;:&quot;3&quot;,&quot;speed&quot;:400,&quot;navigation&quot;:&quot;both&quot;,&quot;autoplay&quot;:&quot;yes&quot;,&quot;pause_on_hover&quot;:&quot;yes&quot;,&quot;pause_on_interaction&quot;:&quot;yes&quot;,&quot;autoplay_speed&quot;:5000,&quot;infinite&quot;:&quot;yes&quot;,&quot;image_spacing_custom&quot;:{&quot;unit&quot;:&quot;px&quot;,&quot;size&quot;:20,&quot;sizes&quot;:[]},&quot;image_spacing_custom_tablet&quot;:{&quot;unit&quot;:&quot;px&quot;,&quot;size&quot;:&quot;&quot;,&quot;sizes&quot;:[]},&quot;image_spacing_custom_mobile&quot;:{&quot;unit&quot;:&quot;px&quot;,&quot;size&quot;:&quot;&quot;,&quot;sizes&quot;:[]}}\" data-widget_type=\"image-carousel.default\">\n\t\t\t\t<div class=\"elementor-widget-container\">\n\t\t\t<style>\/*! elementor - v3.17.0 - 25-10-2023 *\/\n.elementor-widget-image-carousel .swiper,.elementor-widget-image-carousel .swiper-container{position:static}.elementor-widget-image-carousel .swiper-container .swiper-slide figure,.elementor-widget-image-carousel .swiper .swiper-slide figure{line-height:inherit}.elementor-widget-image-carousel .swiper-slide{text-align:center}.elementor-image-carousel-wrapper:not(.swiper-container-initialized):not(.swiper-initialized) .swiper-slide{max-width:calc(100% \/ var(--e-image-carousel-slides-to-show, 3))}<\/style>\t\t<div class=\"elementor-image-carousel-wrapper swiper\" dir=\"ltr\">\n\t\t\t<div class=\"elementor-image-carousel swiper-wrapper\" aria-live=\"off\">\n\t\t\t\t\t\t\t\t<div class=\"swiper-slide\" role=\"group\" aria-roledescription=\"slide\" aria-label=\"1 of 17\"><figure class=\"swiper-slide-inner\"><img decoding=\"async\" class=\"swiper-slide-image\" src=\"https:\/\/nobutourismportugal.com\/wp-content\/uploads\/2024\/05\/MG_5205-1-360x240.jpg\" alt=\"Nazar\u00e9\" \/><figcaption class=\"elementor-image-carousel-caption\">Nazar\u00e9<\/figcaption><\/figure><\/div><div class=\"swiper-slide\" role=\"group\" aria-roledescription=\"slide\" aria-label=\"2 of 17\"><figure class=\"swiper-slide-inner\"><img decoding=\"async\" class=\"swiper-slide-image\" src=\"https:\/\/nobutourismportugal.com\/wp-content\/uploads\/2024\/05\/WhatsApp-Image-2024-05-01-at-20.25.16-360x240.jpeg\" alt=\"Customers\" \/><figcaption class=\"elementor-image-carousel-caption\">Customers <\/figcaption><\/figure><\/div><div class=\"swiper-slide\" role=\"group\" aria-roledescription=\"slide\" aria-label=\"3 of 17\"><figure class=\"swiper-slide-inner\"><img decoding=\"async\" class=\"swiper-slide-image\" src=\"https:\/\/nobutourismportugal.com\/wp-content\/uploads\/2024\/05\/WhatsApp-Image-2024-05-01-at-20.22.59-360x240.jpeg\" alt=\"\u00d3bidos\" \/><figcaption class=\"elementor-image-carousel-caption\">\u00d3bidos<\/figcaption><\/figure><\/div><div class=\"swiper-slide\" role=\"group\" aria-roledescription=\"slide\" aria-label=\"4 of 17\"><figure class=\"swiper-slide-inner\"><img decoding=\"async\" class=\"swiper-slide-image\" src=\"https:\/\/nobutourismportugal.com\/wp-content\/uploads\/2024\/05\/WhatsApp-Image-2024-05-01-at-20.22.58-1-360x240.jpeg\" alt=\"Typical Restaurant\" \/><figcaption class=\"elementor-image-carousel-caption\">Typical Restaurant<\/figcaption><\/figure><\/div><div class=\"swiper-slide\" role=\"group\" aria-roledescription=\"slide\" aria-label=\"5 of 17\"><figure class=\"swiper-slide-inner\"><img decoding=\"async\" class=\"swiper-slide-image\" src=\"https:\/\/nobutourismportugal.com\/wp-content\/uploads\/2024\/05\/MG_5210-360x240.jpg\" alt=\"NobuTourism Sticker\" \/><figcaption class=\"elementor-image-carousel-caption\">NobuTourism Sticker<\/figcaption><\/figure><\/div><div class=\"swiper-slide\" role=\"group\" aria-roledescription=\"slide\" aria-label=\"6 of 17\"><figure class=\"swiper-slide-inner\"><img decoding=\"async\" class=\"swiper-slide-image\" src=\"https:\/\/nobutourismportugal.com\/wp-content\/uploads\/2024\/05\/WhatsApp-Image-2024-05-01-at-20.22.57-360x240.jpeg\" alt=\"Airport\" \/><figcaption class=\"elementor-image-carousel-caption\">Airport<\/figcaption><\/figure><\/div><div class=\"swiper-slide\" role=\"group\" aria-roledescription=\"slide\" aria-label=\"7 of 17\"><figure class=\"swiper-slide-inner\"><img decoding=\"async\" class=\"swiper-slide-image\" src=\"https:\/\/nobutourismportugal.com\/wp-content\/uploads\/2024\/05\/WhatsApp-Image-2024-05-01-at-20.22.56-1-360x240.jpeg\" alt=\"Algarve\" \/><figcaption class=\"elementor-image-carousel-caption\">Algarve<\/figcaption><\/figure><\/div><div class=\"swiper-slide\" role=\"group\" aria-roledescription=\"slide\" aria-label=\"8 of 17\"><figure class=\"swiper-slide-inner\"><img decoding=\"async\" class=\"swiper-slide-image\" src=\"https:\/\/nobutourismportugal.com\/wp-content\/uploads\/2024\/05\/WhatsApp-Image-2024-05-01-at-20.22.58-360x240.jpeg\" alt=\"Pena Palace\" \/><figcaption class=\"elementor-image-carousel-caption\">Pena Palace<\/figcaption><\/figure><\/div><div class=\"swiper-slide\" role=\"group\" aria-roledescription=\"slide\" aria-label=\"9 of 17\"><figure class=\"swiper-slide-inner\"><img decoding=\"async\" class=\"swiper-slide-image\" src=\"https:\/\/nobutourismportugal.com\/wp-content\/uploads\/2024\/02\/Design-sem-nome-3-1-360x240.jpg\" alt=\"Mercedes Vito\" \/><figcaption class=\"elementor-image-carousel-caption\">Mercedes Vito<\/figcaption><\/figure><\/div><div class=\"swiper-slide\" role=\"group\" aria-roledescription=\"slide\" aria-label=\"10 of 17\"><figure class=\"swiper-slide-inner\"><img decoding=\"async\" class=\"swiper-slide-image\" src=\"https:\/\/nobutourismportugal.com\/wp-content\/uploads\/2024\/05\/WhatsApp-Image-2024-05-01-at-20.35.54-360x240.jpeg\" alt=\"WhatsApp Image 2024-05-01 at 20.35.54\" \/><\/figure><\/div><div class=\"swiper-slide\" role=\"group\" aria-roledescription=\"slide\" aria-label=\"11 of 17\"><figure class=\"swiper-slide-inner\"><img decoding=\"async\" class=\"swiper-slide-image\" src=\"https:\/\/nobutourismportugal.com\/wp-content\/uploads\/2024\/05\/WhatsApp-Image-2024-05-01-at-20.35.51-360x240.jpeg\" alt=\"\u00d3bidos\" \/><figcaption class=\"elementor-image-carousel-caption\">\u00d3bidos<\/figcaption><\/figure><\/div><div class=\"swiper-slide\" role=\"group\" aria-roledescription=\"slide\" aria-label=\"12 of 17\"><figure class=\"swiper-slide-inner\"><img decoding=\"async\" class=\"swiper-slide-image\" src=\"https:\/\/nobutourismportugal.com\/wp-content\/uploads\/2024\/05\/WhatsApp-Image-2024-05-01-at-20.35.50-360x240.jpeg\" alt=\"Nazar\u00e9\" \/><figcaption class=\"elementor-image-carousel-caption\">Nazar\u00e9<\/figcaption><\/figure><\/div><div class=\"swiper-slide\" role=\"group\" aria-roledescription=\"slide\" aria-label=\"13 of 17\"><figure class=\"swiper-slide-inner\"><img decoding=\"async\" class=\"swiper-slide-image\" src=\"https:\/\/nobutourismportugal.com\/wp-content\/uploads\/2024\/05\/WhatsApp-Image-2024-05-01-at-20.35.51-1-360x240.jpeg\" alt=\"Sintra\" \/><figcaption class=\"elementor-image-carousel-caption\">Sintra<\/figcaption><\/figure><\/div><div class=\"swiper-slide\" role=\"group\" aria-roledescription=\"slide\" aria-label=\"14 of 17\"><figure class=\"swiper-slide-inner\"><img decoding=\"async\" class=\"swiper-slide-image\" src=\"https:\/\/nobutourismportugal.com\/wp-content\/uploads\/2024\/05\/WhatsApp-Image-2024-05-01-at-20.35.51-2-360x240.jpeg\" alt=\"Cristo Rei\" \/><figcaption class=\"elementor-image-carousel-caption\">Cristo Rei<\/figcaption><\/figure><\/div><div class=\"swiper-slide\" role=\"group\" aria-roledescription=\"slide\" aria-label=\"15 of 17\"><figure class=\"swiper-slide-inner\"><img decoding=\"async\" class=\"swiper-slide-image\" src=\"https:\/\/nobutourismportugal.com\/wp-content\/uploads\/2024\/05\/WhatsApp-Image-2024-05-01-at-20.35.52-360x240.jpeg\" alt=\"\u00c9vora\" \/><figcaption class=\"elementor-image-carousel-caption\">\u00c9vora<\/figcaption><\/figure><\/div><div class=\"swiper-slide\" role=\"group\" aria-roledescription=\"slide\" aria-label=\"16 of 17\"><figure class=\"swiper-slide-inner\"><img decoding=\"async\" class=\"swiper-slide-image\" src=\"https:\/\/nobutourismportugal.com\/wp-content\/uploads\/2024\/05\/WhatsApp-Image-2024-05-01-at-20.35.53-360x240.jpeg\" alt=\"Typical Restaurant\" \/><figcaption class=\"elementor-image-carousel-caption\">Typical Restaurant<\/figcaption><\/figure><\/div><div class=\"swiper-slide\" role=\"group\" aria-roledescription=\"slide\" aria-label=\"17 of 17\"><figure class=\"swiper-slide-inner\"><img decoding=\"async\" class=\"swiper-slide-image\" src=\"https:\/\/nobutourismportugal.com\/wp-content\/uploads\/2024\/05\/WhatsApp-Image-2024-05-01-at-20.35.52-1-360x240.jpeg\" alt=\"F\u00e1tima\" \/><figcaption class=\"elementor-image-carousel-caption\">F\u00e1tima<\/figcaption><\/figure><\/div>\t\t\t<\/div>\n\t\t\t\t\t\t\t\t\t\t\t\t<div class=\"elementor-swiper-button elementor-swiper-button-prev\" role=\"button\" tabindex=\"0\">\n\t\t\t\t\t\t<i aria-hidden=\"true\" class=\"eicon-chevron-left\"><\/i>\t\t\t\t\t<\/div>\n\t\t\t\t\t<div class=\"elementor-swiper-button elementor-swiper-button-next\" role=\"button\" tabindex=\"0\">\n\t\t\t\t\t\t<i aria-hidden=\"true\" class=\"eicon-chevron-right\"><\/i>\t\t\t\t\t<\/div>\n\t\t\t\t\n\t\t\t\t\t\t\t\t\t<div class=\"swiper-pagination\"><\/div>\n\t\t\t\t\t\t\t\t\t<\/div>\n\t\t\t\t<\/div>\n\t\t\t\t<\/div>\n\t\t\t\t<div class=\"elementor-element elementor-element-6e58bd5 elementor-button-success elementor-align-center elementor-widget elementor-widget-button\" data-id=\"6e58bd5\" data-element_type=\"widget\" data-widget_type=\"button.default\">\n\t\t\t\t<div class=\"elementor-widget-container\">\n\t\t\t\t\t<div class=\"elementor-button-wrapper\">\n\t\t\t<a class=\"elementor-button elementor-button-link elementor-size-md\" href=\"https:\/\/fareharbor.com\/embeds\/book\/nobutourismportugal\/?full-items=yes\">\n\t\t\t\t\t\t<span class=\"elementor-button-content-wrapper\">\n\t\t\t\t\t\t<span class=\"elementor-button-icon elementor-align-icon-right\">\n\t\t\t\t<i aria-hidden=\"true\" class=\"fas fa-car-alt\"><\/i>\t\t\t<\/span>\n\t\t\t\t\t\t<span class=\"elementor-button-text\">RESERVE<\/span>\n\t\t<\/span>\n\t\t\t\t\t<\/a>\n\t\t<\/div>\n\t\t\t\t<\/div>\n\t\t\t\t<\/div>\n\t\t\t\t\t<\/div>\n\t\t\t\t<\/div>\n\t\t\t\t\t\t\t<\/div>\n\t\t","protected":false},"excerpt":{"rendered":"<p>Nazar\u00e9 Customers \u00d3bidos Typical Restaurant NobuTourism Sticker Airport Algarve Pena Palace Mercedes Vito \u00d3bidos Nazar\u00e9 Sintra Cristo Rei \u00c9vora Typical Restaurant F\u00e1tima RESERVE<\/p>\n","protected":false},"author":1,"featured_media":189,"parent":0,"menu_order":0,"comment_status":"closed","ping_status":"closed","template":"","meta":{"saved_in_kubio":false,"footnotes":""},"class_list":["post-95","page","type-page","status-publish","has-post-thumbnail","hentry"],"_links":{"self":[{"href":"https:\/\/nobutourismportugal.com\/index.php\/wp-json\/wp\/v2\/pages\/95","targetHints":{"allow":["GET"]}}],"collection":[{"href":"https:\/\/nobutourismportugal.com\/index.php\/wp-json\/wp\/v2\/pages"}],"about":[{"href":"https:\/\/nobutourismportugal.com\/index.php\/wp-json\/wp\/v2\/types\/page"}],"author":[{"embeddable":true,"href":"https:\/\/nobutourismportugal.com\/index.php\/wp-json\/wp\/v2\/users\/1"}],"replies":[{"embeddable":true,"href":"https:\/\/nobutourismportugal.com\/index.php\/wp-json\/wp\/v2\/comments?post=95"}],"version-history":[{"count":103,"href":"https:\/\/nobutourismportugal.com\/index.php\/wp-json\/wp\/v2\/pages\/95\/revisions"}],"predecessor-version":[{"id":4127,"href":"https:\/\/nobutourismportugal.com\/index.php\/wp-json\/wp\/v2\/pages\/95\/revisions\/4127"}],"wp:featuredmedia":[{"embeddable":true,"href":"https:\/\/nobutourismportugal.com\/index.php\/wp-json\/wp\/v2\/media\/189"}],"wp:attachment":[{"href":"https:\/\/nobutourismportugal.com\/index.php\/wp-json\/wp\/v2\/media?parent=95"}],"curies":[{"name":"wp","href":"https:\/\/api.w.org\/{rel}","templated":true}]}}